hat is 15254 - -1665?
17030
In base 11, what is 192896 + -273?
192623
In base 9, what is 422765 - 148?
422616
In base 2, what is -100100111 + 100001000110110010?
100001000010001011
In base 12, what is 25b8bb + -3?
25b8b8
In base 6, what is -1 + -20324310?
-20324311
In base 13, what is 3a9 + -28ab8a?
-28a7b1
In base 8, what is -3454264 - -42?
-3454222
In base 13, what is 2867b32 + -5?
2867b2a
In base 8, what is 427360 - 366?
426772
In base 6, what is 210 + 4201145?
4201355
In base 8, what is -70 + -2126027?
-2126117
In base 11, what is 90 - 58a645?
-58a565
In base 4, what is 110313321 + 102?
110320023
In base 3, what is -21111112 + 102011?
-21002101
In base 8, what is -174463052 - 2?
-174463054
In base 7, what is -631450146 - 10?
-631450156
In base 6, what is 2 - -2032135213?
2032135215
In base 5, what is 30 + 43401240?
43401320
In base 11, what is 928a52 - 77?
928986
In base 11, what is 73055 - -226?
73280
In base 8, what is 30216 + 34?
30252
In base 7, what is 36366044 - 22?
36366022
In base 3, what is -1 - -210102111110112?
210102111110111
In base 13, what is 3c53bc0 - 10?
3c53bb0
In base 15, what is 19d5e3 - 3?
19d5e0
In base 11, what is 235 + -395a1?
-39367
In base 8, what is 3511 + 103614?
107325
In base 3, what is -202000 - -1200?
-200100
In base 15, what is 63109 + 4a1?
635aa
In base 8, what is 2 + 214571372?
214571374
In base 5, what is 304002410442 + 1?
304002410443
In base 14, what is -4bc9 + -44c?
-5237
In base 9, what is -34461 - 218?
-34680
In base 10, what is 12757 + 116?
12873
In base 3, what is 10 + 200211110121020?
200211110121100
In base 15, what is -1d497 + -4dcc?
-23374
In base 2, what is -100011011001110 - 1001111?
-100011100011101
In base 9, what is 20184153 - 0?
20184153
In base 4, what is -1022312323 - 22021?
-1023001010
In base 3, what is 2010211121002101 + 11?
2010211121002112
In base 10, what is 12125268 - -11?
12125279
In base 6, what is 23125 + -114103?
-50534
In base 12, what is -2835 - 762?
-3397
In base 7, what is 5405323 - -110?
5405433
In base 2, what is -101010110111010100011001011 + -1?
-101010110111010100011001100
In base 15, what is 23ade + -b5?
23a29
In base 5, what is -1222242 - -124?
-1222113
In base 5, what is -104 + 213234?
213130
In base 7, what is 402465 + -6160?
363305
In base 3, what is 221 + -11001000100101?
-11001000022110
In base 4, what is 122102320131 - -3?
122102320200
In base 11, what is -4 - -2900951?
2900948
In base 15, what is 8c + -ccd0?
-cc43
In base 12, what is -1230abb6 - -5?
-1230abb1
In base 15, what is -2aaeec8 - 3?
-2aaeecb
In base 2, what is -11011 + -110101111101001?
-110110000000100
In base 12, what is 165 - 5176?
-5011
In base 6, what is 4 + -11220430?
-11220422
In base 15, what is -10a + 812b?
8021
In base 10, what is -171 - 360560?
-360731
In base 9, what is -8 - 32607055?
-32607064
In base 11, what is 10 - -5847412?
5847422
In base 2, what is -100 + -110100100100111100000111011?
-110100100100111100000111111
In base 8, what is 15 - -37515326?
37515343
In base 11, what is -173 - -a9298?
a9125
In base 14, what is 8 + -3030ab?
-3030a3
In base 10, what is 62439232 + -4?
62439228
In base 11, what is 0 + 805503?
805503
In base 5, what is -12 - -434323111140?
434323111123
In base 7, what is -1 - 541154102?
-541154103
In base 14, what is -3589 - c30?
-43b9
In base 4, what is -111220 - -131022322?
130311102
In base 3, what is -102201110110 - -10210210?
-102120122200
In base 2, what is -11111 - -10000011000000010?
10000010111100011
In base 11, what is 175 - -7aaa56?
800120
In base 6, what is 40 - -453314340?
453314420
In base 11, what is 2506884a - 4?
25068846
In base 16, what is 3a7b - 1a7b?
2000
In base 8, what is -73552160 - 3?
-73552163
In base 14, what is -7ab09dd + -1?
-7ab0a00
In base 2, what is -100101101000010111 - -100011010?
-100101100011111101
In base 9, what is -7568 + 1451?
-6117
In base 11, what is 371aa1 - 11?
371a90
In base 14, what is 3431 - -23a0?
57d1
In base 3, what is -12010202221202 + -102?
-12010202222011
In base 3, what is -212112102001210020 - -2?
-212112102001210011
In base 10, what is 0 - -19993234?
19993234
In base 9, what is 3 - -7717257?
7717261
In base 3, what is -11021111022010 + 21?
-11021111021212
In base 10, what is -4 - 6335085?
-6335089
In base 3, what is -102000222102 + -1111212?
-102002111021
In base 4, what is 2232132330 - 1103?
2232131221
In base 5, what is 4 + 310240001444?
310240002003
In base 3, what is -20200111 + -1001202?
-21202020
In base 2, what is -1101100100010001010011 + 100?
-1101100100010001001111
In base 15, what is -7 + -22789a?
-2278a2
In base 7, what is 1155 - 1043?
112
In base 10, what is 381811291 - 5?
381811286
In base 13, what is 10a97 + -1?
10a96
In base 13, what is -3c9699 + 11?
-3c9688
In base 15, what is 280a58 + -7?
280a51
In base 12, what is 9 - 11504b27?
-11504b1a
In base 14, what is -270adb6 + -2d?
-270b005
In base 13, what is -29 - -10c406?
10c3aa
In base 9, what is 5674583 + -27?
5674555
In base 3, what is 0 + -1022121000202011?
-1022121000202011
In base 3, what is 22101111 + 21012?
22122200
In base 14, what is -1325c7a - 5?
-1325c81
In base 9, what is 2103 - -16?
2120
In base 5, what is 0 - -1212002004?
1212002004
In base 15, what is -88e + -905?
-1294
In base 13, what is -204 + 56c8?
54c4
In base 16, what is 36 + -2d050?
-2d01a
In base 11, what is a31634 + -5?
a3162a
In base 4, what is 1 - -222201123133?
222201123200
In base 6, what is -12014 + -554333?
-1010351
In base 12, what is 18760 + 2b6?
18a56
In base 12, what is 2 + -150a6423?
-150a6421
In base 12, what is b - -531a09?
531a18
In base 16, what is -3 - -270c110?
270c10d
In base 13, what is 570c3c + -38?
570c04
In base 14, what is -d8db - 15?
-d912
In base 3, what is 201120222112 - 200022?
201120022020
In base 8, what is 60605425 + 2?
60605427
In base 14, what is 99c9d0 + -3?
99c9cb
In base 6, what is 2240 + -11023150?
-11020510
In base 10, what is -6710809 - 4?
-6710813
In base 14, what is 52dd57 - -c?
52dd65
In base 16, what is -1e412 - -2ef?
-1e123
In base 3, what is 100021022 - 112100021010?
-111222222211
In base 9, what is 824 + 1436802?
1437726
In base 11, what is 118001330 + -3?
118001328
In base 7, what is 20324101 - -105?
20324206
In base 8, what is 1 - 620434057?
-620434056
In base 8, what is -45651 - -57726?
12055
In base 14, what is -7b + -336863?
-336900
In base 13, what is -13 - 1369790?
-13697a3
In base 10, what is -7 - -16947757?
16947750
In base 6, what is 1155513003 + -1?
1155513002
In base 15, what is -13 + -19196a0?
-19196b3
In base 15, what is 4650db - -2?
4650dd
In base 2, what is 10101100001 - 111001000000101001?
-111000101011001000
In base 12, what is -2ab82 + 9b4?
-2a18a
In base 11, what is 1470613 - -265?
1470878
In base 5, what is 244334 + 44423?
344312
In base 2, what is -100111110111100 - 100010101101010?
-1001010100100110
In base 8, what is 5775 - -2720?
10715
In base 5, what is -20413403 - 43?
-20414001
In base 6, what is -3120 + -132405?
-135525
In base 2, what is 1000100011111001101111111101 - -1?
1000100011111001101111111110
In base 6, what is -3522054 - 0?
-3522054
In base 11, what is 97 - 1725022?
-1724a36
In base 4, what is -133013 + 221032?
22013
In base 10, what is 6 - 4780813?
-4780807
In base 11, what is 290 - 100457?
-100177
In base 7, what is -134522 + -26520?
-164342
In base 5, what is 1332424403 - 230?
1332424123
In base 8, what is 63714 + -442?
63252
In base 6, what is -233 - -2422415?
2422142
In base 16, what is 4 - 1223f07c?
-1223f078
In base 11, what is -52918796 - 4?
-5291879a
In base 7, what is -205140 + -10354?
-215524
In base 3, what is 11 - 210102101120101?
-210102101120020
In base 7, what is 2 - -1441141364?
1441141366
In base 10, what is 111093417 - 3?
111093414
In base 10, what is 1204319 + 6?
1204325
In base 16, what is 6ebd + a?
6ec7
In base 15, what is -20ba67 - 4?
-20ba6b
In base 13, what is 2 + -982144?
-982142
In base 6, what is 5320443 - 113?
5320330
In base 6, what is 1332142105 - -1?
1332142110
In base 8, what is -472 - 7371632?
-7372324
In base 10, what is 507442 - 144?
507298
In base 9, what is -418200 - 657?
-418857
In base 15, what is 178b - -880?
211b
In base 15, what is -e9a86 + 11?
-e9a75
In base 10, what is 51963678 - 1?
51963677
In base 3, what is 102222021 - 1001002?
10122101